ommon factor of 32 and 42?
2
Calculate the greatest common factor of 91 and 8827.
91
What is the greatest common divisor of 616 and 42?
14
What is the highest common factor of 535 and 10?
5
Calculate the highest common factor of 15615 and 45.
45
What is the highest common factor of 36 and 126?
18
What is the greatest common divisor of 45 and 5865?
15
Calculate the greatest common divisor of 5374 and 2.
2
What is the greatest common divisor of 5561 and 67?
67
What is the greatest common factor of 612 and 51?
51
Calculate the highest common factor of 168 and 1776.
24
Calculate the highest common divisor of 1612 and 390.
26
What is the highest common factor of 96 and 258?
6
What is the greatest common divisor of 46 and 299?
23
What is the greatest common factor of 1100 and 11?
11
What is the highest common divisor of 110 and 11990?
110
Calculate the highest common factor of 9 and 2493.
9
Calculate the greatest common factor of 1141 and 7.
7
Calculate the greatest common factor of 1232 and 539.
77
What is the greatest common factor of 650 and 200?
50
What is the greatest common factor of 55 and 235?
5
What is the highest common factor of 744 and 216?
24
Calculate the highest common factor of 3570 and 14.
14
Calculate the greatest common factor of 1530 and 85.
85
What is the greatest common divisor of 575 and 46?
23
Calculate the highest common divisor of 18557 and 154.
77
Calculate the greatest common divisor of 13 and 1040.
13
Calculate the greatest common factor of 224 and 175.
7
Calculate the greatest common divisor of 595 and 14.
7
Calculate the highest common factor of 4489 and 67.
67
Calculate the greatest common divisor of 80 and 272.
16
What is the highest common factor of 8 and 136?
8
Calculate the greatest common divisor of 759 and 231.
33
What is the highest common factor of 70 and 42?
14
Calculate the greatest common factor of 210 and 6.
6
Calculate the highest common divisor of 60 and 4110.
30
Calculate the highest common divisor of 1377 and 102.
51
Calculate the greatest common divisor of 56 and 56.
56
What is the greatest common factor of 52 and 56?
4
Calculate the highest common divisor of 10 and 155.
5
What is the highest common divisor of 36 and 486?
18
What is the greatest common divisor of 8 and 184?
8
Calculate the greatest common factor of 29232 and 576.
144
Calculate the greatest common divisor of 153 and 11373.
51
What is the highest common factor of 56 and 63?
7
What is the greatest common factor of 42 and 5901?
21
What is the highest common factor of 122 and 793?
61
What is the highest common factor of 105 and 1365?
105
Calculate the greatest common divisor of 28 and 175.
7
Calculate the greatest common divisor of 6822 and 36.
18
Calculate the greatest common factor of 12 and 132.
12
What is the greatest common factor of 426 and 24?
6
What is the greatest common factor of 910 and 25?
5
What is the highest common divisor of 90 and 1170?
90
What is the highest common factor of 66983 and 49?
49
Calculate the greatest common divisor of 943 and 23.
23
Calculate the greatest common divisor of 30 and 390.
30
Calculate the greatest common factor of 102 and 24.
6
What is the highest common divisor of 5 and 125?
5
Calculate the greatest common divisor of 221 and 34.
17
What is the highest common divisor of 148 and 370?
74
Calculate the highest common factor of 147 and 6.
3
Calculate the highest common divisor of 2346 and 153.
51
What is the greatest common divisor of 11 and 407?
11
Calculate the greatest common factor of 364 and 35.
7
What is the greatest common divisor of 20 and 92930?
10
Calculate the highest common divisor of 22 and 1342.
22
What is the greatest common divisor of 77 and 22?
11
What is the highest common factor of 348 and 8410?
58
What is the greatest common factor of 387 and 43?
43
Calculate the highest common factor of 7 and 63.
7
What is the greatest common factor of 45 and 306?
9
Calculate the highest common divisor of 1140 and 1311.
57
What is the greatest common divisor of 3431 and 94?
47
Calculate the greatest common divisor of 27 and 2133.
27
Calculate the highest common divisor of 320 and 40.
40
What is the highest common divisor of 24 and 68496?
24
What is the greatest common divisor of 4521 and 33?
33
Calculate the highest common factor of 26 and 143.
13
What is the greatest common divisor of 34 and 254?
2
What is the highest common divisor of 22 and 38?
2
What is the highest common factor of 2923 and 158?
79
What is the highest common factor of 2457 and 4641?
273
What is the greatest common divisor of 324 and 48?
12
Calculate the greatest common factor of 14121 and 54.
27
Calculate the highest common divisor of 1232 and 28.
28
Calculate the highest common divisor of 58 and 1247.
29
What is the highest common factor of 21 and 1113?
21
Calculate the greatest common divisor of 387 and 43.
43
What is the greatest common divisor of 1 and 29?
1
What is the greatest common factor of 448 and 56?
56
What is the highest common divisor of 4802 and 42?
14
What is the highest common divisor of 28254 and 612?
102
What is the highest common divisor of 135 and 27?
27
Calculate the highest common divisor of 224 and 512.
32
Calculate the greatest common divisor of 108 and 20.
4
Calculate the greatest common factor of 64 and 30944.
32
What is the highest common factor of 660 and 396?
132
Calculate the greatest common factor of 27 and 9.
9
Calculate the highest common divisor of 287 and 14.
7
Calculate the greatest common divisor of 80 and 5680.
80
What is the greatest common factor of 682 and 1550?
62
What is the greatest common factor of 9570 and 3630?
330
What is the highest common divisor of 168 and 21?
21
Calculate the greatest common factor of 2465 and 1131.
29
Calculate the greatest common factor of 253 and 99.
11
What is the greatest common divisor of 413 and 649?
59
What is the highest common divisor of 74 and 1998?
74
What is the greatest common divisor of 512 and 8?
8
Calculate the highest common divisor of 180 and 1500.
60
What is the greatest common factor of 125 and 1?
1
Calculate the greatest common factor of 66 and 162.
6
Calculate the highest common divisor of 10 and 270.
10
Calculate the highest common factor of 10560 and 165.
165
What is the highest common factor of 2655 and 45?
45
Calculate the highest common divisor of 286 and 728.
26
Calculate the greatest common divisor of 10 and 35.
5
Calculate the greatest common divisor of 232 and 145.
29
Calculate the greatest common factor of 18 and 42.
6
Calculate the greatest common factor of 800 and 25.
25
Calculate the greatest common divisor of 78 and 1290.
6
Calculate the highest common factor of 624 and 12288.
48
Calculate the greatest common divisor of 642 and 51681.
321
Calculate the highest common divisor of 40 and 7576.
8
Calculate the greatest common factor of 213 and 213.
213
Calculate the greatest common factor of 45759 and 21.
21
Calculate the highest common factor of 50 and 4.
2
Calculate the highest common divisor of 28 and 133.
7
Calculate the highest common factor of 121 and 1815.
121
What is the greatest common factor of 34 and 21250?
34
Calculate the greatest common divisor of 6 and 291.
3
Calculate the greatest common factor of 61 and 2.
1
What is the highest common divisor of 3080 and 550?
110
What is the highest common factor of 5170 and 176?
22
What is the highest common divisor of 651 and 372?
93
Calculate the highest common divisor of 187 and 22.
11
What is the greatest common divisor of 9 and 36?
9
What is the greatest common factor of 350 and 2058?
14
What is the greatest common divisor of 517 and 94?
47
Calculate the highest common divisor of 13541 and 22.
11
Calculate the greatest common divisor of 46 and 16.
2
What is the highest common divisor of 54 and 270?
54
Calculate the greatest common divisor of 424 and 32.
8
What is the greatest common divisor of 4610 and 5?
5
What is the highest common factor of 100 and 1175?
25
What is the highest common divisor of 24 and 48?
24
What is the highest common factor of 154 and 15554?
154
Calculate the greatest common factor of 477 and 99.
9
Calculate the highest common factor of 360 and 160.
40
What is the highest common factor of 52 and 6604?
52
What is the greatest common factor of 